) = -t + 0*t - t**2 + 0*t**2. Give j(y).
0
Let k = 14 - 10. Suppose -3*m - 3 = 5*b + 3, 0 = 3*b - k*m - 8. Let i(q) = q**2 + 5. What is i(b)?
5
Let u = 27 - 25. Let s(o) = -o**3 + 4*o**2 + o - 2. Calculate s(u).
8
Let w = 18 - 13. Suppose -3*f + 29 = 5*k, 0 = -f + w*f - 2*k - 4. Let p(y) be the first derivative of 2*y**3/3 - 5*y**2/2 + 3*y + 1. Calculate p(f).
6
Let b(m) = m**2 - 4*m + 3. Let i = -10 + 39. Suppose 0 = 3*n - 3*x + 15, -2*n + 5*n + i = -4*x. Let k = -4 - n. What is b(k)?
0
Suppose 0 = -4*x + 4*z + 4, z - 10 + 1 = -4*x. Let n(o) = 2 - 3 - o + 2. Give n(x).
-1
Suppose n = 2*n + 4. Let m(v) be the second derivative of v**4/12 + v**3/3 - v**2 + 9*v - 5. Give m(n).
6
Suppose -2*j + j = -3. Let s = 6 - j. Let z(n) = n**3 - 2*n**2 - n - 1. Determine z(s).
5
Let s(f) = -7*f**3 - 7*f**2 + 7*f - 7. Let j(c) = -8*c**3 - 8*c**2 + 8*c - 6. Let z(x) = 6*j(x) - 7*s(x). Let r = 9 - 9. Determine z(r).
13
Let p(j) = -j**3 + 3*j + 4. Suppose 4*y + 0 - 12 = 0. What is p(y)?
-14
Let d = -11 + 24. Let m = d + -8. Let x(s) = -s + 7. Give x(m).
2
Let d(o) be the third derivative of -o**6/180 - o**5/40 + o**4/24 + 6*o**2. Let f(l) be the second derivative of d(l). What is f(-4)?
13
Let h(v) = v**2 + 4*v + 1. Let o be h(-2). Let x(a) = -88 + 40 + 0*a**3 - 3*a**2 - a**3 + 45 - 3*a. Let l be x(o). Let n(t) = t**2 - 4*t - 6. Calculate n(l).
6
Let z(l) = 2*l + 7. Let f(n) be the third derivative of n**5/60 + n**4/2 + 2*n**3/3 + 3*n**2. Let r be f(-11). Determine z(r).
-7
Let o(g) = 4*g**3 + 2*g**2 + 11*g + 7. Let i(x) = x**3 + x**2 + x + 1. Let y(z) = 5*i(z) - o(z). Calculate y(-4).
6
Let l(s) = 2*s**2 + 9*s + 7. Let f(v) = v**2 + 4*v + 3. Let u(d) = 9*f(d) - 4*l(d). What is u(-5)?
24
Let w(u) = -u**2 - 9*u - 6. Let g be (-13)/(-78) - (-86)/(-12). What is w(g)?
8
Let d(b) = b**3 - 4*b**2 + 2*b - 6. Let w be d(4). Let s(n) = 14 - 3*n**3 - 8*n - 20 + 2*n**3 - 7*n**w. Calculate s(-5).
-16
Let i(n) = n**3 - 3*n**2 - 4*n + 3. Let r be i(4). Let z(d) = d**3 - 3*d**2 - 2*d + 3. What is z(r)?
-3
Let y(h) be the second derivative of -h**3/3 - h**2/2 + h. Let n(c) = c**2 - 5*c + 9. Let j be n(2). Determine y(j).
-7
Suppose -3*o = o - 5*n + 112, -5*o = -4*n + 140. Let f = -20 - o. Suppose 5*b - f = b. Let j(y) = y**3 - 3*y**2 + 2*y + 1. What is j(b)?
1
Suppose -q + 14 = 2*x, x = -q - 4*x + 20. Suppose -3*a - q + 1 = 0. Let v(f) = 4*f + 3. Give v(a).
-9
Let r(t) be the second derivative of -t**4/12 + 5*t**2/2 - 2*t. Calculate r(4).
-11
Let c(k) = -6*k**2 - k**3 + 0*k - 1 - 3 + 3 - 3*k. Suppose 4*x + 5*q = 0, -8 = 5*x - 3*q - 45. Let h = 0 - x. Calculate c(h).
-11
Let l(w) = w - 2. Let x be l(7). Suppose 6 + 4 = x*i. Let s(q) = 3*q + 1. Calculate s(i).
7
Let t(c) be the first derivative of -c**3/3 - c**2 - 4. Determine t(-3).
-3
Let a(v) be the third derivative of v**9/20160 + v**8/20160 + v**7/5040 - v**5/60 - v**2. Let f(r) be the third derivative of a(r). Calculate f(-1).
-3
Suppose -2*w = 3*w - 10. Let a(u) = -2*u + 12. Let i be a(5). Let s(r) = -2*r**2 + r**i + 0*r**w. Determine s(-1).
-1
Let a be 4/12 - 14/(-3). Suppose -a*w = -w - 8. Let x(m) = -9 - 3*m**3 + m**3 + 3*m**w - 4*m**2 + m**3. Give x(0).
-9
Let s(y) be the third derivative of -1/120*y**6 - 1/4*y**4 - 1/10*y**5 + 0*y - 3*y**2 - y**3 + 0. What is s(-5)?
-1
Let d(i) = -10*i + 5*i - 6 - 3*i**2 + 4*i**2. Suppose 17 = 5*p - 2*r, 2*p - 3*r = r - 6. Let t be d(p). Let y(j) = -j**2 - 6*j. Determine y(t).
0
Let f(x) be the first derivative of -x**4/4 - 5*x**3/3 + 3*x**2 - 3*x + 1. What is f(-6)?
-3
Let t(u) = -3*u + 6. Let x(l) = -l**2 - 13*l - 8. Let f be x(-12). Calculate t(f).
-6
Let m(d) = d**2 - 7*d + 1. Let x = 28 - 22. Give m(x).
-5
Let u(g) be the first derivative of -g**4/4 - 2*g**3 - 5*g**2/2 + 4*g - 3. Let m(a) = -a**3 - 7*a**2 - 4*a + 8. Let b be m(-6). Calculate u(b).
-8
Suppose 4*a + 5 = 2*x - 7, 3*a + 3*x = 9. Let f be a*(-1*2 - -1). Suppose -f = 4*d - 4*p + 3, 3*d + 4*p = -17. Let c(q) = -q**2 - 3*q + 1. Determine c(d).
1
Let m = 11 + -16. Let u(p) = p**3 + 6*p**2 + 4*p - 4. Determine u(m).
1
Let q(s) be the second derivative of -1/2*s**3 + 3*s + 0 - 3/2*s**2. Let i = 7 - 10. Give q(i).
6
Suppose 0 = -2*t - 1 + 5. Let j be (t*1)/(12/(-30)). Let w(s) be the third derivative of s**5/60 + 5*s**4/24 + s**2. Give w(j).
0
Suppose -3 = 2*s - 9. Let c be (-54)/s*2/(-4). Suppose -4*z + h + 24 = -3*h, 0 = z + 2*h + c. Let o(x) = 5*x + 1. What is o(z)?
6
Let x(o) be the first derivative of -o**4/4 + 4*o**3/3 + 3*o**2/2 + 2. Determine x(4).
12
Let u(h) = h**2 - 4*h - 4. Suppose 0*o + 12 = 3*o. What is u(o)?
-4
Let u(k) = k**2 - 4*k + 1. Let l(q) = q**2 + 10*q + q**2 + 12 - q**2. Let j be l(-9). Determine u(j).
-2
Let d(r) = -r**2 - 11*r - 7. Let s be d(-7). Suppose 3*y + 3 = -4*k - s, k - 5 = 2*y. Let x(l) = l**2 - 2 + l**2 - l**2 + l. What is x(k)?
4
Suppose 4*u - 6*u = 0. Let j(o) = u*o**3 + 0 - 2*o**2 + 2 - o**3 - 1. Give j(-3).
10
Let f(n) = -n**3 - 8*n**2 + 9*n - 1. Let l be ((-27)/36)/(1/12). Give f(l).
-1
Let z(j) be the third derivative of 5*j**2 + 1/10*j**6 + 0*j + 1/24*j**4 + 1/60*j**5 + 0 - 1/6*j**3. Give z(1).
13
Let p(h) = -13*h + 1. Let c(v) = -64*v + 6. Let t(y) = -2*c(y) + 11*p(y). Give t(1).
-16
Suppose a = -3 - 2. Let w = -2 + 4. Let u(s) = s - 3*s**w - 2 - s**3 + 6*s**2 - 8*s**2. Calculate u(a).
-7
Let o(t) = -t**2 - 9*t - 7. Let f be o(-7). Let w(z) = z**2 - 8*z + 4. Calculate w(f).
-3
Let w(i) = -7*i**2 + i**3 + 4*i**2 + 5*i**2 + 2*i**2 + 2 + 4*i. What is w(-2)?
2
Let i(p) = p**3 - 4*p**2 + p - 4. Let u(r) = -r**2 - 6*r + 4. Let q be 14/(-2) - (-2)/(-2). Let c = q + 2. Let y be u(c). What is i(y)?
0
Let c(x) be the first derivative of -x**6/60 - x**5/30 + x**4/12 + 3*x**2/2 - 5. Let y(r) be the second derivative of c(r). Give y(-2).
4
Let o be (-143)/(-44) + 3/4. Let q(k) = -k**3 + 3*k**2 + 5*k - 1. What is q(o)?
3
Let h(m) = 4*m - 5. Let v(x) = x - 1. Let j(i) = -4*h(i) + 18*v(i). Calculate j(-2).
-2
Let i(l) = l + 14. Let m(f) = -f**2 + 11*f - 27. Let n be m(9). Calculate i(n).
5
Let d(n) = 6*n + 2. Suppose 35 = 6*w - 2*w - 3*f, 0 = -2*w - 2*f + 14. Let b be (w/(-5))/((-4)/10). Suppose 0 = b*k + s + 8, -6 + 0 = 3*k - 3*s. Determine d(k).
-10
Let n(h) = -h**2 + 3*h - 4. Let l(m) = m**2 - 6*m + 4. Let o be l(7). Let g = 15 - o. Suppose 0 = g*k - c - 11, -k + 2*c + 2*c = 1. Determine n(k).
-4
Let s be -1*(2 + -3) + 2. Let p(g) = 2 - 7*g**2 + 2*g - s + g**3 + 4*g. Give p(6).
-1
Let v(x) = x**3 + x - 1. Suppose -c = c. Determine v(c).
-1
Let h(i) = -4*i + 13. Let c be (-207)/36 - 1/4. Let v(t) = 3*t - 12. Let o(g) = c*v(g) - 5*h(g). Calculate o(-6).
-5
Suppose 0 = 3*a - 9. Suppose -4*k = -k + a. Let m(h) = -7*h**2 - h - 1. Calculate m(k).
-7
Let z(q) = -42*q. Let w(v) = 2*v. Let l(y) = 44*w(y) + 2*z(y). Give l(-1).
-4
Let b(x) = x**3 - x**2 + x + 3. Let l be (-18)/(-9) - 0/2. Suppose -l*v = -5*v + 3. Let z = 1 - v. Determine b(z).
3
Let o be 0/2*(-5)/10. Let t(m) be the third derivative of -1/12*m**4 + 0 - 1/3*m**3 - m**2 + o*m. What is t(-3)?
4
Let g(t) be the first derivative of t**4/4 - 2*t**3 + 5*t**2/2 + 4*t - 2. What is g(5)?
4
Let k be (-66)/15 + 4/10. Let i = k - -1. Let r(v) = v + 1. Determine r(i).
-2
Suppose -2*z = 5*d + 9, d - 9 = -5*z + 3. Let t be (z/2)/((-6)/(-20)). Let j = t + -8. Let q(a) = -a - 2. Calculate q(j).
1
Let d(s) = -2*s + 2. Suppose 0 = -3*u + 5*q + 16, -5*u = -2*q + q - 34. Let c = 21 + -24. Let o = u + c. What is d(o)?
-6
Let t(p) = p**2 - 5*p - 7. Suppose -2*g - 11 = 13. Let x = g - -18. What is t(x)?
-1
Let k(r) be the second derivative of r**4/12 - r**3/3 - 2*r**2 - 12*r. Give k(4).
4
Let t(x) be the second derivative of x**8/1120 + x**7/2520 - x**6/720 + 5*x**4/12 - 6*x. Let d(p) be the third derivative of t(p). Give d(1).
6
Suppose -6*c - 72 = -246. Let p = 24 - c. Let s(l) = l**2 + 5*l + 1. Give s(p).
1
Let b(u) = 2*u + 2*u**3 + u**2 + 6*u**2 - 3*u**3 - 3. What is b(7)?
11
Let a(b) be the first derivative of 3*b**2/2 - b - 1. Let f be (-6)/9 - (-45)/27. What is a(f)?
2
Let g(c) be the first derivative of -c**2 - c + 3 - c**3 - 1/4*c**4. Give g(-3).
5
Let n(x) be the first derivative of -x**6/120 - x**5/60 + x**4/24 - x**3/3 - x**2/2 + 3. Let o(g) be the second derivative of n(g). What is o(-2)?
0
Let y = 6 + -1. Let b(w) = -307*w**2 + 19*w - 13*w + 